me factors of 458770?
2, 5, 13, 3529
What are the prime factors of 8161537?
8161537
What are the prime factors of 7532245?
5, 7, 307, 701
List the prime factors of 2392683.
3, 797561
List the prime factors of 2332021.
263, 8867
What are the prime factors of 658807?
658807
What are the prime factors of 288080?
2, 5, 13, 277
List the prime factors of 323987.
323987
What are the prime factors of 182682?
2, 3, 17, 199
List the prime factors of 106989.
3, 19, 1877
What are the prime factors of 2311748?
2, 577937
What are the prime factors of 232290?
2, 3, 5, 29, 89
What are the prime factors of 219798?
2, 3, 12211
List the prime factors of 4115054.
2, 17, 127, 953
What are the prime factors of 1243159?
17, 73127
What are the prime factors of 318203?
318203
List the prime factors of 7455078.
2, 3, 17, 2707
List the prime factors of 369867.
3, 123289
What are the prime factors of 38321?
38321
What are the prime factors of 1239719?
13, 47, 2029
List the prime factors of 2374648.
2, 296831
What are the prime factors of 653217?
3, 217739
What are the prime factors of 1401763?
11, 19, 353
List the prime factors of 884308.
2, 221077
What are the prime factors of 83969?
83969
List the prime factors of 372586.
2, 241, 773
What are the prime factors of 1180780?
2, 5, 43, 1373
What are the prime factors of 2656?
2, 83
List the prime factors of 176582.
2, 7, 12613
What are the prime factors of 381332?
2, 7, 13619
What are the prime factors of 8795280?
2, 3, 5, 13, 2819
List the prime factors of 15886.
2, 13, 47
List the prime factors of 24632218.
2, 13, 17, 23, 2423
List the prime factors of 21993289.
257, 85577
What are the prime factors of 153231?
3, 13, 3929
What are the prime factors of 692991?
3, 13, 5923
What are the prime factors of 1255766?
2, 131, 4793
List the prime factors of 8139280.
2, 5, 101741
List the prime factors of 7822179.
3, 869131
List the prime factors of 895954.
2, 347, 1291
List the prime factors of 2958765.
3, 5, 17, 41, 283
What are the prime factors of 7046624?
2, 13, 1303
What are the prime factors of 503186?
2, 43, 5851
List the prime factors of 21938.
2, 7, 1567
What are the prime factors of 157674?
2, 3, 11, 2389
List the prime factors of 9431705.
5, 83, 22727
List the prime factors of 10883377.
71, 153287
What are the prime factors of 367959?
3, 122653
List the prime factors of 400468.
2, 53, 1889
What are the prime factors of 115917?
3, 38639
List the prime factors of 24119347.
7, 269, 12809
What are the prime factors of 5719492?
2, 227, 6299
What are the prime factors of 1940442?
2, 3, 7, 47, 983
List the prime factors of 158490.
2, 3, 5, 587
List the prime factors of 2294512.
2, 11, 13037
What are the prime factors of 5838199?
31, 47, 4007
What are the prime factors of 4048874?
2, 23, 88019
What are the prime factors of 2443558?
2, 13, 93983
List the prime factors of 385305.
3, 5, 17, 1511
What are the prime factors of 462610?
2, 5, 46261
List the prime factors of 136686.
2, 3, 11, 19, 109
What are the prime factors of 4878499?
4878499
What are the prime factors of 109210?
2, 5, 67, 163
What are the prime factors of 848257?
149, 5693
What are the prime factors of 3735507?
3, 1245169
What are the prime factors of 34198250?
2, 5, 29, 53, 89
List the prime factors of 349710.
2, 3, 5, 11657
What are the prime factors of 12736?
2, 199
What are the prime factors of 351290?
2, 5, 35129
List the prime factors of 123142.
2, 23, 2677
List the prime factors of 11852173.
37, 320329
List the prime factors of 1367126.
2, 19, 35977
What are the prime factors of 797094?
2, 3, 29, 509
What are the prime factors of 316871?
23, 599
List the prime factors of 100297.
100297
What are the prime factors of 316539?
3, 35171
List the prime factors of 1522904.
2, 41, 4643
List the prime factors of 5551044.
2, 3, 17, 27211
List the prime factors of 115788.
2, 3, 9649
List the prime factors of 17534459.
17534459
List the prime factors of 3058583.
11, 101, 2753
What are the prime factors of 134289?
3, 43, 347
What are the prime factors of 2708464?
2, 11, 1399
What are the prime factors of 13111?
7, 1873
List the prime factors of 8886452.
2, 19, 116927
What are the prime factors of 212607?
3, 23623
List the prime factors of 602942.
2, 301471
What are the prime factors of 2510584?
2, 19, 83, 199
List the prime factors of 233594.
2, 116797
List the prime factors of 1818182.
2, 909091
What are the prime factors of 8185357?
1021, 8017
What are the prime factors of 62575?
5, 2503
List the prime factors of 1751044.
2, 97, 4513
List the prime factors of 154522.
2, 77261
List the prime factors of 1015575.
3, 5, 11, 1231
List the prime factors of 389627.
7, 55661
What are the prime factors of 124652?
2, 11, 2833
What are the prime factors of 127839?
3, 43, 991
List the prime factors of 13346392.
2, 1668299
What are the prime factors of 787770?
2, 3, 5, 8753
List the prime factors of 174539.
17, 10267
What are the prime factors of 20196104?
2, 607, 4159
What are the prime factors of 874711?
874711
List the prime factors of 88484.
2, 11, 2011
What are the prime factors of 247853?
247853
List the prime factors of 198.
2, 3, 11
What are the prime factors of 944047?
13, 101, 719
What are the prime factors of 212147?
13, 16319
List the prime factors of 1089383.
1089383
List the prime factors of 10075647.
3, 3358549
What are the prime factors of 751834?
2, 167, 2251
What are the prime factors of 4112828?
2, 1028207
What are the prime factors of 278145?
3, 5, 7, 883
List the prime factors of 361229.
11, 32839
List the prime factors of 392803.
392803
What are the prime factors of 1465017?
3, 488339
What are the prime factors of 15285456?
2, 3, 41, 863
What are the prime factors of 47372?
2, 13, 911
What are the prime factors of 5894952?
2, 3, 7, 35089
What are the prime factors of 2958997?
101, 29297
What are the prime factors of 622108?
2, 29, 31, 173
What are the prime factors of 1258637?
1258637
List the prime factors of 1913040.
2, 3, 5, 2657
List the prime factors of 4790509.
23, 208283
List the prime factors of 1484324.
2, 433, 857
What are the prime factors of 477860?
2, 5, 23893
What are the prime factors of 49330?
2, 5, 4933
List the prime factors of 1056158.
2, 337, 1567
List the prime factors of 6839157.
3, 13, 29, 6047
What are the prime factors of 1352551?
751, 1801
List the prime factors of 6485157.
3, 7, 34313
What are the prime factors of 11936945?
5, 41, 58229
List the prime factors of 147745.
5, 13, 2273
List the prime factors of 2352338.
2, 743, 1583
List the prime factors of 7484174.
2, 3742087
List the prime factors of 139542.
2, 3, 13, 1789
List the prime factors of 9982327.
83, 127, 947
List the prime factors of 19277810.
2, 5, 1927781
List the prime factors of 20878925.
5, 349, 2393
List the prime factors of 2253291.
3, 73, 10289
List the prime factors of 872931.
3, 41, 47, 151
List the prime factors of 1353427.
19, 71233
List the prime factors of 95178.
2, 3, 29, 547
What are the prime factors of 321835?
5, 191, 337
What are the prime factors of 470786?
2, 29, 8117
What are the prime factors of 49387?
13, 29, 131
List the prime factors of 7185298.
2, 3592649
What are the prime factors of 580640?
2, 5, 19, 191
List the prime factors of 2321833.
173, 13421
What are the prime factors of 1082265?
3, 5, 23, 3137
List the prime factors of 1182475.
5, 7, 29, 233
What are the prime factors of 2475104?
2, 77347
What are the prime factors of 47868?
2, 3, 3989
What are the prime factors of 452239?
452239
List the prime factors of 2237973.
3, 647, 1153
List the prime factors of 160769.
7, 17, 193
What are the prime factors of 2210947?
2210947
List the prime factors of 405604.
2, 31, 3271
List the prime factors of 489988.
2, 122497
What are the prime factors of 4828174?
2, 13, 185699
List the prime factors of 109819.
109819
What are the prime factors of 4146029?
271, 15299
List the prime factors of 27298709.
27298709
What are the prime factors of 319043?
109, 2927
What are the prime factors of 2230741?
991, 2251
List the prime factors of 137905.
5, 27581
List the prime factors of 11621312.
2, 19, 503
What are the prime factors of 3719914?
2, 11, 353, 479
What are the prime factors of 1225086?
2, 3, 73, 2797
List the prime factors of 5669739.
3, 401, 1571
L